e 3*o - 766 = -2*v + 3*v, 2*o - 5*v - 502 = h. What are the prime factors of o?
2
Let y(l) = -7*l + 1. Let z be y(-5). Suppose z + 4 = 10*f. Suppose -5*h - 376 = -3*g + g, 3*h - 726 = -f*g. What are the prime factors of g?
3, 61
Let z = 17666 + -10847. What are the prime factors of z?
3, 2273
Let m be (3 - -314) + (0 - -2) + -6. Let j = m + -73. List the prime factors of j.
2, 3, 5
Let m = -249 - -251. Suppose 5*r - m*n - 3048 = 0, r + 2*r - 5*n - 1844 = 0. List the prime factors of r.
2, 19
What are the prime factors of 2/7 + (18263100/(-84))/(-25)?
3, 13, 223
Let w = 6 + -1. Suppose 19 = o - 2*c + 11, -5*o = 4*c + 16. Suppose o = w*l - 2*r + r - 178, 0 = 4*r - 8. What are the prime factors of l?
2, 3
Let v(n) = -n**3 - 2*n**2 - 3. Let w be v(0). Let q be (w/(-4))/((-5)/(-20)). Suppose q*l = -3*l + 1014. What are the prime factors of l?
13
Let c(q) = 86 + 41 + 27 + 3*q + 3*q**2 - 8 + 27. What are the prime factors of c(-10)?
443
Suppose l + j = 2*l - 1499, 5*l + 5*j - 7445 = 0. Let a = l - 948. List the prime factors of a.
2, 3, 7, 13
Let o be 986 - (-28)/(6 + -13). List the prime factors of (o/(-4))/((-11)/22).
491
Suppose -2*w = 2*d + 36, -7*d = -6*d - 3*w + 18. Let j = -16 - d. Suppose -2*b = 3*q + 2*q - 985, -j*q + 3*b + 375 = 0. List the prime factors of q.
3, 5, 13
Suppose 109 = 5*r - p, 5*r - 145 + 33 = -2*p. Suppose 177 = l + r. What are the prime factors of (-1)/((-625)/l - -4)?
31
Let k(x) = -x**2 - 3*x + 2. Let h be k(-2). Suppose -14 = -h*o + 2. Suppose -o*t - 4*t = -632. What are the prime factors of t?
79
Let z(v) = 2626*v**3 + 4*v**2 - 6*v + 3. Let d be z(2). Suppose 17897 = 38*y - d. What are the prime factors of y?
2
Let s = 12460 + -8540. List the prime factors of s.
2, 5, 7
Let o(h) = 306*h**2 - 16*h - 124. What are the prime factors of o(-5)?
2, 3803
Let j(l) = l**3 - 7*l**2 + 8*l - 8. Let m(s) = -2*s + 16. Let c be m(5). Let x be j(c). Suppose 0 - 6 = -4*t - 5*w, x = -2*w. What are the prime factors of t?
2
Suppose -4*x - 4*x - 648 = 0. Let h be (0 + 1)*(6 - x). Let r = 6 + h. List the prime factors of r.
3, 31
Suppose -35*q + 40*q - 145085 = 9*f, -4*q + 116047 = -3*f. List the prime factors of q.
2, 7, 37
Let j be (-1 - 4 - -9)/(0 - -2). Suppose 372 = -j*c + 928. Let i = -67 + c. What are the prime factors of i?
211
Let u = 328 + -326. Suppose -4*p - u*l = -96 - 142, -3*p + 173 = -4*l. List the prime factors of p.
59
Suppose 9*j = 172 + 152. Let n(w) = w**3 - 35*w**2 - 12*w - 49. What are the prime factors of n(j)?
5, 163
Suppose -109596 + 1116096 = 16*q + 39*q. What are the prime factors of q?
2, 3, 5, 61
Let v(d) = 5*d**2 - d + 1. Let b be v(1). Suppose -3*l = x - 217 + 65, 3*x - 436 = -b*l. Suppose 5*z = 3*a + x, z - 5*a + 30 = 3*z. List the prime factors of z.
5
Let f(k) = -k**3 + 4*k**2 + 4*k + 4. Let g be f(5). Let w be (-3 + g)/(7/(-518)). Suppose d = r - 75, 4*r - 3*d = -d + w. List the prime factors of r.
73
Suppose 6*s - 3*s + 25 = 5*j, 5*j + 5*s = -15. Suppose -663 = -0*a - j*a - q, -2*q = -3*a + 998. List the prime factors of a.
2, 83
Suppose -26*f + 12250 + 8342 = 0. Let r = f + -504. List the prime factors of r.
2, 3
Let x(t) = 180*t**2 + 339*t + 3149. List the prime factors of x(-9).
2, 41, 179
Suppose -4*b + 41*j - 42*j = -6665, 2*b = -3*j + 3345. What are the prime factors of b?
3, 5, 37
Suppose 3*b + 3*l = 4*l + 177, 0 = 2*l + 6. Suppose -b*j + 10845 = -53*j. Suppose -7*n = 2*n - j. List the prime factors of n.
241
What are the prime factors of 49/(294/27504) - -1?
5, 7, 131
Let r = 36566 - 17686. What are the prime factors of r?
2, 5, 59
Suppose 0 = 2*g - u + 422, -2*g - 8*u + 6*u - 422 = 0. List the prime factors of (g + -63)/((-4)/6).
3, 137
Let t = 41 - 29. Suppose c = -5*p + 18, p = -c - p + t. Suppose 2*l - z = 34, 5*l - 2*z - 93 = -c. List the prime factors of l.
17
Let q(m) = 2*m**2 - 15*m + 63. Let l(x) = -x**2 + 8*x - 31. Let a(f) = -13*l(f) - 6*q(f). What are the prime factors of a(22)?
3, 67
Suppose 3*r - 3*a + 17 = 2*r, 3*r + 33 = 3*a. Let x(b) be the first derivative of -b**4/4 - 8*b**3/3 - 3*b**2/2 - b - 134. List the prime factors of x(r).
23
Let o = -24560 - -58988. What are the prime factors of o?
2, 3, 19, 151
Suppose 3*b = -0*b - x - 5397, -5*b = 5*x + 8985. Let a be (4 + 1)/(6/b*-6). Suppose 6*g - a - 194 = 0. List the prime factors of g.
2, 37
Suppose 5*j - 320 = -935. Let y = 275 - j. List the prime factors of y.
2, 199
What are the prime factors of (10/(-35))/(14/(-162092))?
2, 827
Let f be 6/9 + 674/(-3). Let a be 5 - (21/2)/(6/(-176)). Let n = f + a. What are the prime factors of n?
89
Let j be 168*(3 - (-44)/(-12)). Let w = j - -1008. List the prime factors of w.
2, 7
Suppose 5*m + 2*o = 2231, 0 = -4*m + 2*o + 419 + 1373. Suppose 12251 + m = 14*s. List the prime factors of s.
907
Let r(z) = z**3 - 22*z**2 + 47*z - 70. Let j be r(20). Let m = -3 - -5. Suppose q + m*x - 63 = 14, -5*x = -q + j. List the prime factors of q.
3, 5
Let m = 44 + -76. Let c = -44 - m. What are the prime factors of (-1 + (-21)/c)/((-2)/(-248))?
3, 31
Let i(q) = 1 + 5 - q**3 + 10*q**2 - 15 + 12*q. Let f be i(11). Suppose -4 = -2*p, -3*p = -2*k - f*p + 192. What are the prime factors of k?
97
Let h = -11162 + 21181. List the prime factors of h.
43, 233
List the prime factors of 1 - (11 + (-414856)/13).
2, 3, 13, 409
Let n be (-70)/(-14) - (-2)/2. Suppose -223 = -c + 5*l, 2*c - n*c + 949 = -l. List the prime factors of c.
2, 7, 17
Let o(d) be the third derivative of 101*d**6/40 + d**5/30 - d**4/24 + d**3/6 - 48*d**2. What are the prime factors of o(1)?
5, 61
Suppose 7*t + 55 = 12*t. Suppose 3*f - 2*p = 21, -t = -2*f + 2*p + 5. Suppose 5*j - f*o = -o + 13, 2*j + 2*o - 16 = 0. What are the prime factors of j?
5
Let d(z) = -z**3 + 19*z**2 + 52*z - 21. Let v be (-813)/(-39) - ((-8)/(-26))/(-2). List the prime factors of d(v).
3, 7
Let f(y) = -2*y + 1. Let d be f(2). Let m be (215/d + 4/(-12))*1. Let x = 17 - m. What are the prime factors of x?
89
Let p(h) = 40*h**3 + h**2 + 21*h + 138. List the prime factors of p(7).
2, 7027
Suppose 3*p + 23223 = -5*k, -k + 3*p = -p + 4640. What are the prime factors of 1/((-3)/k) - 8?
2, 5, 7, 11
Let t(n) = n**2 + 3*n + 17. Let x be t(-21). Suppose -2*b = 3*b - x. Suppose -4*z - 8 = 0, 2*z + b = 2*q + q. What are the prime factors of q?
5
List the prime factors of 89943/15 - 2 - 1040/(-1300).
5, 11, 109
Let k(l) = -4431*l - 69. Let r be k(-3). Suppose 17*q - r = 5*q. What are the prime factors of q?
2, 19, 29
Let w(t) = 2 + t**3 - 12 + 22*t + 0 - 1 + 14*t**2. Let q be w(-12). Suppose q*c + 476 = 2907. What are the prime factors of c?
11, 17
Suppose 3*a = 2 + 4. Suppose 7*x - 5 = 16. Suppose -267 = -a*z + x*g + 137, 404 = 2*z - 4*g. What are the prime factors of z?
2, 101
What are the prime factors of (-4)/(-18) - (-11203405)/954 - (-3)/18?
2, 367
Let a be (-1)/((-4)/2 - -1). Let t = 4 - a. What are the prime factors of t/((-15)/6*(-6)/685)?
137
Let a = -11680 - -18826. What are the prime factors of a?
2, 3, 397
Let d(p) = 11*p**2 - 105*p - 10. List the prime factors of d(46).
2, 11, 419
Let y = -2416 - -2863. What are the prime factors of y?
3, 149
Suppose -45*h - 670638 = -3916173. List the prime factors of h.
3, 29, 829
Suppose -7*h = -176 - 139. Suppose 6*n = -9 + h. What are the prime factors of (n + 156/(-30))*(-1 + 186)?
2, 37
Suppose 0 = -3*v + 4*l + 1629, 6 = -57*l + 59*l. List the prime factors of v.
547
Suppose 75 = 35*t - 65. Suppose 5*c = t*g + 7702, -3*c - c + 6167 = -5*g. List the prime factors of c.
2, 769
List the prime factors of (36/8 - 5) + 6/((-36)/(-224961)).
37493
Let w(q) = -q**3 + 4*q + 11. Let k be w(0). Suppose -8*n + 12996 = k*n. List the prime factors of n.
2, 3, 19
Suppose -4*o + 97269 = -f, 2*f - 66634 = -5*o + 54949. What are the prime factors of o?
24317
Let k(y) = -2*y**3 - 47*y**2 + 57*y - 39. Let j be k(-25). Let b = 803 - j. What are the prime factors of b?
2, 7
Let i(k) = k**3 + 17*k**2 + 30*k + 3. Let h be i(-15). Let o be 2/h + (-196)/42. List the prime factors of o/(-18) - (-2732)/18.
2, 19
Let w(z) = 285*z**2 + 74*z + 155. What are the prime factors of w(-2)?
31, 37
Suppose 0 = 3190*c - 3295*c + 5523525. List the prime factors of c.
3, 5, 7, 167
Suppose -98*d + 2009 = -57*d. Suppose -46*x + 3*j - 2091 = -d*x, 2*x - 1394 = j. What 